0, 4*o - 3*y = 72 + 32. Let x be (-16)/9 + 2 + (-9814)/(-63). What is the greatest common divisor of o and x?
26
Let g be (-9)/24 - ((-10264)/64 - 4). Calculate the highest common factor of g and 246.
82
Let y = 9319 + -6559. What is the greatest common divisor of 69 and y?
69
Suppose -3*j + 2922 = 3*s, -5*s - 734 = -3*j - 5612. Suppose -s = -5*h + 950. Let c be (-2)/3 + (-107)/(-3). What is the highest common divisor of c and h?
35
Let g(n) = -n**2 - 39*n + 36. Let x be g(-39). Calculate the highest common divisor of 3 and x.
3
Let t(v) = -2*v - 30. Let p be t(-15). Suppose -s = -q - 40, p = -4*s - 4*q + 5*q + 148. What is the highest common divisor of 252 and s?
36
Let q(j) = 8*j**2 - 3*j - 5. Let m be q(-4). Let v(o) = -5*o - 5. Let x be v(-4). Suppose -2*l - x = -3*l. What is the greatest common factor of m and l?
15
Suppose 0 = 3*p - 70 - 446. Suppose 0 = -5*u - 0*u - 370. Let x = u + p. Calculate the highest common divisor of 14 and x.
14
Let t be (18/15)/((-10)/(-875)). Calculate the greatest common factor of t and 45.
15
Let h be (-371)/(-1) - (0/(-2) - -2). Calculate the greatest common factor of 9 and h.
9
Let c be 960/(10 - 5) + 0 + 0. What is the highest common factor of 6 and c?
6
Suppose 3 = 2*h + s - 3, 14 = 4*h + s. Suppose h*b = 7*b. Suppose 5*i - 35 = 2*p - 7*p, 4*i - 3*p - 56 = b. Calculate the highest common divisor of i and 22.
11
Let r = -54 - -153. Let v = 105 - r. Calculate the highest common factor of v and 15.
3
Suppose 21*l = 19*l + 6. Let o(j) = j**2 - 2*j + 4. Let w be o(l). What is the greatest common divisor of w and 35?
7
Let s = 84 + 50. Calculate the greatest common factor of 1206 and s.
134
Let p be ((-24)/108)/((-4)/72). What is the greatest common divisor of p and 81?
1
Let d = -176 + 437. Let a be (1 + (-48)/(-10))*105/21. Calculate the greatest common factor of a and d.
29
Suppose -114 = -19*z + 95. Calculate the highest common divisor of z and 143.
11
Let v(h) = 7*h - 18. Let g be v(6). Let j be -2 + 5 - (0 + 1513). Let y be 2/(-5) + j/(-25). What is the greatest common factor of y and g?
12
Let d = -11 - -91. Let a = -68 + d. Calculate the highest common divisor of a and 30.
6
Suppose 7 + 9 = 4*o. Suppose -482 = -o*s + s + t, -474 = -3*s + 3*t. Suppose 25*u + 25 - 475 = 0. Calculate the greatest common divisor of s and u.
18
Let z(m) = -m**2 + m - 2. Let t be z(2). Let x(a) = -10*a + a**2 + 5 + 0*a**2 + 10*a. Let h be x(t). Calculate the highest common divisor of h and 3.
3
Let d(v) = 2*v**2 + 61*v + 39. Let j be d(-31). Calculate the greatest common divisor of 42 and j.
14
Let f = 409 + -357. What is the highest common factor of 832 and f?
52
Let c(f) = -f**2 + 10*f - 10. Let n be c(8). Let a = 112 - 70. What is the greatest common divisor of a and n?
6
Let o be 1/((-8)/(-48)) + 32. Let y(m) = 6*m**2 + 3. Let f be y(3). Calculate the highest common factor of f and o.
19
Let f(u) = -u**2 - 2*u + 3. Let y be f(-2). Suppose -y*g - 2*g + 85 = 0. Calculate the greatest common divisor of g and 68.
17
Let d be (-12731)/(-87) + 4/6. Calculate the greatest common divisor of 231 and d.
21
Let o(k) = -k**3 + 4*k**2 - 2*k + 2. Let s be o(4). Let n be s/(-5)*60/8. What is the highest common divisor of n and 3?
3
Let h = 885 - 513. What is the greatest common factor of 12 and h?
12
Let k(m) = 2*m**3 - 23*m**2 - 31*m - 28. Let o be k(13). What is the greatest common factor of 646 and o?
38
Suppose 3*a = 562 + 3716. Calculate the highest common divisor of 46 and a.
46
Let h = 697 - 668. Calculate the greatest common divisor of 928 and h.
29
Let q = -16 - -38. Let b = q + -21. Calculate the highest common factor of b and 8.
1
Let s = 6 + -3. Suppose -x - s = 3. Let u = -1 - x. Calculate the highest common factor of 5 and u.
5
Let f(n) = n**3 - 11*n**2 + n - 11. Let z be f(11). Suppose -2*k - 8 + 20 = z. Suppose k*l - 192 + 42 = 0. What is the greatest common divisor of 5 and l?
5
Suppose -3*g = -8 + 8. Suppose -16*f + g + 96 = 0. Let b(z) = 6*z - 3. Let d be b(2). What is the greatest common divisor of f and d?
3
Suppose -4*k - k = 4*j - 37, -k - 7 = -4*j. Suppose a = j*a - 8, -3*g + 2*a = -226. Calculate the highest common divisor of g and 6.
6
Let r(d) = 25*d**2 - 9*d + 13. Let v be r(2). What is the highest common factor of v and 15?
5
Let r be 2584/136 + 1*-1. Calculate the highest common factor of r and 1206.
18
Let k = -122 - -72. Let z be 3/5 - 320/k. What is the highest common factor of z and 21?
7
Suppose 37*m = 40*m - 462. Let k(z) = z**2 - 2*z - 2. Let d be k(6). Calculate the highest common divisor of d and m.
22
Suppose 0 = -19*b - 0*b + 114. What is the greatest common divisor of 786 and b?
6
Let m = 7 + -6. Let o be -26*(m + -2) - 4. Calculate the greatest common divisor of o and 11.
11
Let o = 91 - 46. Let f(q) = -q**3 - 7*q**2 - 7*q - 1. Let j be f(-6). Suppose -35 = -j*h + 55. Calculate the greatest common factor of o and h.
9
Suppose -2*h - w + 133 = 2*h, -87 = -3*h - 5*w. What is the highest common factor of h and 2?
2
Let i be -2 + 41 - 4 - -1. Suppose -4*r + i = -2*r. Calculate the highest common divisor of r and 198.
18
Let d be (2/(-8))/(3/(-24)). Let w be -5*(d + -11)*1/1. What is the highest common factor of 9 and w?
9
Suppose 0 = t - 37 - 4. Let v be 2/(-10) + (-12922)/(-35). What is the highest common factor of v and t?
41
Suppose -w + 4 = -12. Let q be 508/32 - 2/(-16). What is the highest common divisor of q and w?
16
Let m = 95 - 94. What is the greatest common factor of 7 and m?
1
Suppose -s = -2*a - 3*s + 62, 0 = -4*a + s + 139. Calculate the highest common factor of a and 4.
2
Let i be (57/15 - 3)/(30/2925). Calculate the highest common divisor of 117 and i.
39
Suppose -16 = 14*u - 18*u. What is the greatest common factor of u and 36?
4
Let g = -87 - -113. What is the greatest common divisor of g and 494?
26
Let m(q) = -2*q + 20. Let v be m(7). Suppose -v = h - 23. Calculate the greatest common factor of h and 17.
17
Let w(p) = -p**3 - p**2 + 11*p. Let g be w(-8). What is the greatest common divisor of g and 18?
18
Let q = 670 - 659. Calculate the greatest common divisor of q and 143.
11
Let z(u) = -u**2 + 10*u - 16. Let r be z(8). Suppose r*v - v = -12. Calculate the highest common factor of 96 and v.
12
Let o be (-396)/(-27) - 3/(-9). Calculate the greatest common divisor of 180 and o.
15
Suppose -11*m + 4042 + 1073 = 0. What is the greatest common divisor of m and 15?
15
Let h = -1 - -1. Let w(j) = 3*j + 12. Let k be w(28). Suppose -f - c - 3*c = -k, -3*f + 4*c + 304 = h. Calculate the greatest common divisor of 20 and f.
20
Suppose 3*q + 2*q = 150. Let w = 51 + q. Suppose 5*u - 25 - 24 = -2*d, -5*d + 46 = 4*u. What is the greatest common divisor of u and w?
9
Let a = -32 - -37. Suppose a*h = 14*h - 108. Calculate the greatest common divisor of h and 24.
12
Let l = -26 + 56. Let o = -15 + 27. Calculate the greatest common factor of l and o.
6
Let w = 35 + -50. Let h = w - -30. Let d = 21 - h. What is the highest common divisor of 9 and d?
3
Let d = 53 - 94. Suppose 2*q - 3*q = -4*m - 6, -5*m = 5. Let p be (-1)/(q + d/20). What is the greatest common factor of 8 and p?
4
Let r(j) = j**2 - j - 355. Let c be r(20). What is the greatest common factor of c and 125?
25
Suppose 0 = -5*y - 2*c + 250, 2*y - 5*c = -2*c + 119. Calculate the highest common divisor of 39 and y.
13
Let h(d) be the second derivative of -d**3/3 + 26*d**2 - d. Let t be h(-19). What is the highest common factor of t and 10?
10
Suppose 5*m = 2*m + 75. Suppose 8*j - 3*j = m. Suppose -2*u = 3*o, -4*o + j + 0 = u. What is the greatest common factor of o and 2?
2
Suppose 3*j + 156 = -j. Let p be (j/(-2))/(5/10). Let x be 22/2 - (6 - 8). What is the greatest common factor of p and x?
13
Let m(h) = -h**3 + 11*h**2 - 10. Let f be m(5). What is the highest common divisor of f and 40?
20
Suppose 112*q - 124*q = -1128. Calculate the highest common factor of q and 3478.
94
Let o(d) = 11*d + 1. Let j(u) = 8*u - 3. Let g be j(1). Let c be o(g). Let v = c + 25. What is the highest common divisor of 9 and v?
9
Let c = 605 + -143. What is the greatest common divisor of 264 and c?
66
Suppose 0 = z - 157 - 223. Calculate the highest common divisor of 20 and z.
20
Suppose 3*f - 7*f = 48. Let s be f/3*(-3 - 42). Calculate the highes